{"id":58,"date":"2018-12-01T19:07:57","date_gmt":"2018-12-01T18:07:57","guid":{"rendered":"https:\/\/www.kuestenwanderweg-marseille.de\/?page_id=58"},"modified":"2019-12-17T16:06:00","modified_gmt":"2019-12-17T15:06:00","slug":"su-di-noi","status":"publish","type":"page","link":"https:\/\/www.kuestenwanderweg-marseille.de\/it\/ueber-uns\/","title":{"rendered":"Chi siamo"},"content":{"rendered":"<div id=\"pl-58\"  class=\"panel-layout\" ><div id=\"pg-58-0\"  class=\"panel-grid panel-no-style\" ><div id=\"pgc-58-0-0\"  class=\"panel-grid-cell\" ><div id=\"panel-58-0-0-0\" class=\"so-panel widget widget_sow-editor panel-first-child panel-last-child\" data-index=\"0\" ><div\n\t\t\t\n\t\t\tclass=\"so-widget-sow-editor so-widget-sow-editor-base\"\n\t\t\t\n\t\t>\n<div class=\"siteorigin-widget-tinymce textwidget\">\n\t<p>Siamo appassionati escursionisti di lungo corso e amiamo stare nella natura per qualche giorno di vacanza con il solo zaino in spalla! Da qualche anno ci siamo appassionati anche ai sentieri mediterranei a lunga percorrenza, piuttosto sconosciuti.<\/p>\n<p>La combinazione di montagna e mare e la possibilit\u00e0 di soggiornare in alloggi bellissimi e per lo pi\u00f9 molto personalizzati sono sempre un motivo per sognare la prossima vacanza escursionistica!<\/p>\n<p>Tuttavia, spesso abbiamo dovuto fare molte ricerche prima della vacanza e a volte siamo rimasti sorpresi dal fatto che alcuni sentieri escursionistici sono ottimamente tracciati e ben segnalati in loco, ma allo stesso tempo rimangono completamente sconosciuti su internet.<\/p>\n<p>Anche gli editori di libri di outdoor e di escursionismo sembrano ignorare in larga misura i sentieri mediterranei a lunga percorrenza che tanto amiamo: Presumibilmente, gli itinerari escursionistici con cinque-dieci tappe sono troppo brevi per riempire un intero libro. Inoltre, il gruppo target potenziale \u00e8 naturalmente pi\u00f9 piccolo rispetto a quello dei libri di escursionismo, che si rivolgono principalmente agli escursionisti di un giorno.<\/p>\n<p>Per questo motivo, a un certo punto abbiamo iniziato a documentare online una delle nostre vacanze escursionistiche, per farci conoscere meglio. I numerosi riscontri positivi ci hanno spronato a portare avanti questa idea - e cos\u00ec nel frattempo sono state create altre guide escursionistiche online! Una panoramica attuale dei nostri progetti escursionistici \u00e8 disponibile qui:<\/p>\n<p><a href=\"https:\/\/www.wanderndeluxe.de\/fernwanderwege\/\" target=\"_blank\" rel=\"noopener\">www.wanderndeluxe.de\/fernwanderwege\/<\/a><\/p>\n<p>Non vediamo l'ora di condividere con voi il nostro entusiasmo per l'escursionismo!<\/p>\n<\/div>\n<\/div><\/div><\/div><div id=\"pgc-58-0-1\"  class=\"panel-grid-cell\" ><div id=\"panel-58-0-1-0\" class=\"so-panel widget widget_sow-image panel-first-child panel-last-child\" data-index=\"1\" ><div\n\t\t\t\n\t\t\tclass=\"so-widget-sow-image so-widget-sow-image-default-8b5b6f678277-58\"\n\t\t\t\n\t\t>\n<div class=\"sow-image-container\">\n\t\t\t<a href=\"https:\/\/www.kuestenwanderweg-marseille.de\/wp-content\/uploads\/wanderndeluxe-\u00fcber-uns.jpg\">\n\t\t\t<img \n\tsrc=\"https:\/\/www.kuestenwanderweg-marseille.de\/wp-content\/uploads\/wanderndeluxe-\u00fcber-uns.jpg\" width=\"800\" height=\"800\" srcset=\"https:\/\/www.kuestenwanderweg-marseille.de\/wp-content\/uploads\/wanderndeluxe-\u00fcber-uns.jpg 800w, https:\/\/www.kuestenwanderweg-marseille.de\/wp-content\/uploads\/wanderndeluxe-\u00fcber-uns-200x200.jpg 200w, https:\/\/www.kuestenwanderweg-marseille.de\/wp-content\/uploads\/wanderndeluxe-\u00fcber-uns-500x500.jpg 500w, https:\/\/www.kuestenwanderweg-marseille.de\/wp-content\/uploads\/wanderndeluxe-\u00fcber-uns-768x768.jpg 768w\" sizes=\"(max-width: 800px) 100vw, 800px\" alt=\"\" \t\tclass=\"so-widget-image\"\/>\n\t\t\t<\/a><\/div>\n\n<\/div><\/div><\/div><\/div><\/div>","protected":false},"excerpt":{"rendered":"<p>Wir sind begeisterte Fern-Wanderer und lieben es, im Urlaub f\u00fcr einige Tage nur mit dem Rucksack in der Natur unterwegs zu sein!\u00a0Seit einigen Jahren haben es uns zudem die eher unbekannten, mediterranen Fernwanderwege angetan. Die Kombination von Bergen und Meer\u00a0und die M\u00f6glichkeit, in sch\u00f6nen und meist sehr individuellen Unterk\u00fcnften\u00a0zu \u00fcbernachten, sind f\u00fcr uns immer wieder [&hellip;]<\/p>\n","protected":false},"author":1,"featured_media":0,"parent":0,"menu_order":0,"comment_status":"closed","ping_status":"closed","template":"","meta":{"footnotes":""},"class_list":["post-58","page","type-page","status-publish","hentry","post"],"_links":{"self":[{"href":"https:\/\/www.kuestenwanderweg-marseille.de\/it\/wp-json\/wp\/v2\/pages\/58","targetHints":{"allow":["GET"]}}],"collection":[{"href":"https:\/\/www.kuestenwanderweg-marseille.de\/it\/wp-json\/wp\/v2\/pages"}],"about":[{"href":"https:\/\/www.kuestenwanderweg-marseille.de\/it\/wp-json\/wp\/v2\/types\/page"}],"author":[{"embeddable":true,"href":"https:\/\/www.kuestenwanderweg-marseille.de\/it\/wp-json\/wp\/v2\/users\/1"}],"replies":[{"embeddable":true,"href":"https:\/\/www.kuestenwanderweg-marseille.de\/it\/wp-json\/wp\/v2\/comments?post=58"}],"version-history":[{"count":0,"href":"https:\/\/www.kuestenwanderweg-marseille.de\/it\/wp-json\/wp\/v2\/pages\/58\/revisions"}],"wp:attachment":[{"href":"https:\/\/www.kuestenwanderweg-marseille.de\/it\/wp-json\/wp\/v2\/media?parent=58"}],"curies":[{"name":"wp","href":"https:\/\/api.w.org\/{rel}","templated":true}]}}

<div id="pl-58"  class="panel-layout" ><div id="pg-58-0"  class="panel-grid panel-no-style" ><div id="pgc-58-0-0"  class="panel-grid-cell" ><div id="panel-58-0-0-0" class="so-panel widget widget_sow-editor panel-first-child panel-last-child" data-index="0" ><div
			
			class="so-widget-sow-editor so-widget-sow-editor-base"
			
		>
<div class="siteorigin-widget-tinymce textwidget">
	<p>Siamo appassionati escursionisti di lungo corso e amiamo stare nella natura per qualche giorno di vacanza con il solo zaino in spalla! Da qualche anno ci siamo appassionati anche ai sentieri mediterranei a lunga percorrenza, piuttosto sconosciuti.</p>
<p>La combinazione di montagna e mare e la possibilità di soggiornare in alloggi bellissimi e per lo più molto personalizzati sono sempre un motivo per sognare la prossima vacanza escursionistica!</p>
<p>Tuttavia, spesso abbiamo dovuto fare molte ricerche prima della vacanza e a volte siamo rimasti sorpresi dal fatto che alcuni sentieri escursionistici sono ottimamente tracciati e ben segnalati in loco, ma allo stesso tempo rimangono completamente sconosciuti su internet.</p>
<p>Anche gli editori di libri di outdoor e di escursionismo sembrano ignorare in larga misura i sentieri mediterranei a lunga percorrenza che tanto amiamo: Presumibilmente, gli itinerari escursionistici con cinque-dieci tappe sono troppo brevi per riempire un intero libro. Inoltre, il gruppo target potenziale è naturalmente più piccolo rispetto a quello dei libri di escursionismo, che si rivolgono principalmente agli escursionisti di un giorno.</p>
<p>Per questo motivo, a un certo punto abbiamo iniziato a documentare online una delle nostre vacanze escursionistiche, per farci conoscere meglio. I numerosi riscontri positivi ci hanno spronato a portare avanti questa idea - e così nel frattempo sono state create altre guide escursionistiche online! Una panoramica attuale dei nostri progetti escursionistici è disponibile qui:</p>
<p><a href="https://www.wanderndeluxe.de/fernwanderwege/" target="_blank" rel="noopener">www.wanderndeluxe.de/fernwanderwege/</a></p>
<p>Non vediamo l'ora di condividere con voi il nostro entusiasmo per l'escursionismo!</p>
</div>
</div></div></div><div id="pgc-58-0-1"  class="panel-grid-cell" ><div id="panel-58-0-1-0" class="so-panel widget widget_sow-image panel-first-child panel-last-child" data-index="1" ><div
			
			class="so-widget-sow-image so-widget-sow-image-default-8b5b6f678277-58"
			
		>
<div class="sow-image-container">
			<a href="https://www.kuestenwanderweg-marseille.de/wp-content/uploads/wanderndeluxe-über-uns.jpg">
			<img 
	src="https://www.kuestenwanderweg-marseille.de/wp-content/uploads/wanderndeluxe-über-uns.jpg" width="800" height="800" srcset="https://www.kuestenwanderweg-marseille.de/wp-content/uploads/wanderndeluxe-über-uns.jpg 800w, https://www.kuestenwanderweg-marseille.de/wp-content/uploads/wanderndeluxe-über-uns-200x200.jpg 200w, https://www.kuestenwanderweg-marseille.de/wp-content/uploads/wanderndeluxe-über-uns-500x500.jpg 500w, https://www.kuestenwanderweg-marseille.de/wp-content/uploads/wanderndeluxe-über-uns-768x768.jpg 768w" sizes="(max-width: 800px) 100vw, 800px" alt="" 		class="so-widget-image"/>
			</a></div>

</div></div></div></div></div>

<p>Wir sind begeisterte Fern-Wanderer und lieben es, im Urlaub für einige Tage nur mit dem Rucksack in der Natur unterwegs zu sein! Seit einigen Jahren haben es uns zudem die eher unbekannten, mediterranen Fernwanderwege angetan. Die Kombination von Bergen und Meer und die Möglichkeit, in schönen und meist sehr individuellen Unterkünften zu übernachten, sind für uns immer wieder [&hellip;]</p>
